{"id":32,"date":"2025-09-13T14:57:40","date_gmt":"2025-09-13T14:57:40","guid":{"rendered":"https:\/\/fogeka-rdc.org\/?page_id=32"},"modified":"2026-02-20T21:13:54","modified_gmt":"2026-02-20T21:13:54","slug":"qui-sommes-nous","status":"publish","type":"page","link":"https:\/\/fogeka-rdc.org\/index.php\/qui-sommes-nous\/","title":{"rendered":"Qui sommes-nous"},"content":{"rendered":"\n<div class=\"wp-block-columns is-layout-flex wp-container-core-columns-is-layout-9d6595d7 wp-block-columns-is-layout-flex\">\n<div class=\"wp-block-column is-layout-flow wp-block-column-is-layout-flow\" style=\"flex-basis:33.33%\">\n<p>FOGEKA, un acteur engag\u00e9 depuis 10 ans pour un avenir durable. Au c\u0153ur de nos priorit\u00e9s : le reboisement d\u2019un milliard d\u2019arbres. Nos \u00e9quipes expertes m\u00e8nent des programmes ambitieux de plantation et de r\u00e9g\u00e9n\u00e9ration des for\u00eats, dans le but de lutter contre la d\u00e9forestation et le changement climatique. Parall\u00e8lement, nous assurons l\u2019assainissement des zones d\u00e9grad\u00e9es, en d\u00e9polluant les sols et en restaurant les \u00e9cosyst\u00e8mes naturels. Mais notre engagement ne s\u2019arr\u00eate pas l\u00e0. Nous d\u00e9veloppons \u00e9galement des pratiques agricoles responsables, afin de nourrir les populations tout en pr\u00e9servant l\u2019environnement. De la formation des agriculteurs \u00e0 l\u2019introduction de nouvelles cultures, en passant par l\u2019optimisation des syst\u00e8mes d\u2019irrigation, nos solutions agricoles allient productivit\u00e9 et durabilit\u00e9.<\/p>\n<\/div>\n\n\n\n<div class=\"wp-block-column is-layout-flow wp-block-column-is-layout-flow\" style=\"flex-basis:66.66%\">\n<figure class=\"wp-block-image size-full\"><img loading=\"lazy\" decoding=\"async\" width=\"640\" height=\"640\" src=\"https:\/\/fogeka-rdc.org\/wp-content\/uploads\/2025\/09\/WhatsApp-Image-2025-09-12-at-22.48.17.jpeg\" alt=\"\" class=\"wp-image-114\" srcset=\"https:\/\/fogeka-rdc.org\/wp-content\/uploads\/2025\/09\/WhatsApp-Image-2025-09-12-at-22.48.17.jpeg 640w, https:\/\/fogeka-rdc.org\/wp-content\/uploads\/2025\/09\/WhatsApp-Image-2025-09-12-at-22.48.17-300x300.jpeg 300w, https:\/\/fogeka-rdc.org\/wp-content\/uploads\/2025\/09\/WhatsApp-Image-2025-09-12-at-22.48.17-150x150.jpeg 150w\" sizes=\"auto, (max-width: 640px) 100vw, 640px\" \/><\/figure>\n<\/div>\n<\/div>\n\n\n\n<div class=\"wp-block-uagb-advanced-heading uagb-block-c7484b67\"><h2 class=\"uagb-heading-text\">Notre \u00e9quipe<\/h2><\/div>\n\n\n\n<div data-widget-id=\"1\" id=\"wps-widget--team-1\" style=\"visibility: hidden; opacity: 0\" class=\"wps-container wps-widget wps-widget--team wps-team-theme--square-01 wps-team--type-grid wps-team-card-action--single-page wps-team--social-hover-up wps-team--thumbnail-shad\">\n    \n    \n    <div class=\"wps-container--inner\">\n\n                \n        \n            <div class=\"wps-row\">\n\n                \n                                \n                    <div class=\"wps-col wps-widget--item wps-widget--item-190\">\n                        <div class=\"wpspeedo-team--single\">\n                            <div class=\"wps-team--single-inner\">\n                                \n                                <div class=\"team-member--thumbnail-wrapper wps-team--member-element\"><div class=\"team-member--thumbnail\"><a href=\"https:\/\/fogeka-rdc.org\/index.php\/wps-members\/joseph-wilson\/\" class=\"wpspeedo-team--url\" aria-label=\"Read More about Doudou  Mputu.\"><img loading=\"lazy\" decoding=\"async\" width=\"812\" height=\"1080\" src=\"https:\/\/fogeka-rdc.org\/wp-content\/uploads\/2025\/09\/WhatsApp-Image-2025-09-14-at-14.05.25.jpeg\" class=\"attachment- size- wp-post-image\" alt=\"\" srcset=\"https:\/\/fogeka-rdc.org\/wp-content\/uploads\/2025\/09\/WhatsApp-Image-2025-09-14-at-14.05.25.jpeg 812w, https:\/\/fogeka-rdc.org\/wp-content\/uploads\/2025\/09\/WhatsApp-Image-2025-09-14-at-14.05.25-226x300.jpeg 226w, https:\/\/fogeka-rdc.org\/wp-content\/uploads\/2025\/09\/WhatsApp-Image-2025-09-14-at-14.05.25-770x1024.jpeg 770w, https:\/\/fogeka-rdc.org\/wp-content\/uploads\/2025\/09\/WhatsApp-Image-2025-09-14-at-14.05.25-768x1021.jpeg 768w\" sizes=\"auto, (max-width: 812px) 100vw, 812px\" \/><\/a><\/div><\/div><h3 class=\"wps-team--member-title wps-team--member-element team-member--link\"><a href=\"https:\/\/fogeka-rdc.org\/index.php\/wps-members\/joseph-wilson\/\" class=\"wpspeedo-team--url\">Doudou  Mputu<\/a><\/h3><h4 class=\"wps-team--member-desig wps-team--member-element\">Secr\u00e9taire ex\u00e9cutif<\/h4><div class=\"wps-team--divider-wrapper wps-team--member-element\"><div class=\"wps-team--divider\"><\/div><\/div><div class=\"wps-team--member-details wps-team--member-details-excerpt wps-team--member-element\"><\/div><div class=\"wps-team--member-s-links wps-team--member-element\">\n\t\t\t<ul class=\"wps--social-links wps-si--shape-circle wps-si--b-bg-color wps-si--b-bg-color--hover wps-si--b-br-color wps-si--b-br-color--hover\">\n\t\t\t\t<li class=\"wps-si--facebook-f\">\n\t\t\t\t\t<a href=\"https:\/\/facebook.com\" aria-label=\"Social Link\" rel=\"nofollow noopener noreferrer\" target=\"_blank\"><i class=\"fab fa-facebook-f\"><\/i><\/a>\n\t\t\t\t<\/li><li class=\"wps-si--x-twitter-square\">\n\t\t\t\t\t<a href=\"https:\/\/twitter.com\" aria-label=\"Social Link\" rel=\"nofollow noopener noreferrer\" target=\"_blank\"><i class=\"fab fa-x-twitter-square\"><\/i><\/a>\n\t\t\t\t<\/li>\t\t\t<\/ul>\n\n\t\t<\/div>\n                            <\/div>\n                        <\/div>\n                    <\/div>\n\n                    \n                \n                                \n                    <div class=\"wps-col wps-widget--item wps-widget--item-189\">\n                        <div class=\"wpspeedo-team--single\">\n                            <div class=\"wps-team--single-inner\">\n                                \n                                <div class=\"team-member--thumbnail-wrapper wps-team--member-element\"><div class=\"team-member--thumbnail\"><a href=\"https:\/\/fogeka-rdc.org\/index.php\/wps-members\/patrick-wong\/\" class=\"wpspeedo-team--url\" aria-label=\"Read More about Georgine  Pero KALAMBOYO.\"><img loading=\"lazy\" decoding=\"async\" width=\"640\" height=\"640\" src=\"https:\/\/fogeka-rdc.org\/wp-content\/uploads\/2025\/09\/WhatsApp-Image-2025-09-13-at-10.14.54.jpeg\" class=\"attachment- size- wp-post-image\" alt=\"\" srcset=\"https:\/\/fogeka-rdc.org\/wp-content\/uploads\/2025\/09\/WhatsApp-Image-2025-09-13-at-10.14.54.jpeg 640w, https:\/\/fogeka-rdc.org\/wp-content\/uploads\/2025\/09\/WhatsApp-Image-2025-09-13-at-10.14.54-300x300.jpeg 300w, https:\/\/fogeka-rdc.org\/wp-content\/uploads\/2025\/09\/WhatsApp-Image-2025-09-13-at-10.14.54-150x150.jpeg 150w, https:\/\/fogeka-rdc.org\/wp-content\/uploads\/2025\/09\/WhatsApp-Image-2025-09-13-at-10.14.54-500x500.jpeg 500w\" sizes=\"auto, (max-width: 640px) 100vw, 640px\" \/><\/a><\/div><\/div><h3 class=\"wps-team--member-title wps-team--member-element team-member--link\"><a href=\"https:\/\/fogeka-rdc.org\/index.php\/wps-members\/patrick-wong\/\" class=\"wpspeedo-team--url\">Georgine  Pero KALAMBOYO<\/a><\/h3><h4 class=\"wps-team--member-desig wps-team--member-element\">Budget et finance<\/h4><div class=\"wps-team--divider-wrapper wps-team--member-element\"><div class=\"wps-team--divider\"><\/div><\/div><div class=\"wps-team--member-details wps-team--member-details-excerpt wps-team--member-element\"><\/div><div class=\"wps-team--member-s-links wps-team--member-element\">\n\t\t\t<ul class=\"wps--social-links wps-si--shape-circle wps-si--b-bg-color wps-si--b-bg-color--hover wps-si--b-br-color wps-si--b-br-color--hover\">\n\t\t\t\t<li class=\"wps-si--facebook-f\">\n\t\t\t\t\t<a href=\"https:\/\/www.facebook.com\/gina.pero.948?mibextid=wwXIfr&#038;mibextid=wwXIfr\" aria-label=\"Social Link\" rel=\"nofollow noopener noreferrer\" target=\"_blank\"><i class=\"fab fa-facebook-f\"><\/i><\/a>\n\t\t\t\t<\/li><li class=\"wps-si--x-twitter-square\">\n\t\t\t\t\t<a href=\"https:\/\/twitter.com\" aria-label=\"Social Link\" rel=\"nofollow noopener noreferrer\" target=\"_blank\"><i class=\"fab fa-x-twitter-square\"><\/i><\/a>\n\t\t\t\t<\/li>\t\t\t<\/ul>\n\n\t\t<\/div>\n                            <\/div>\n                        <\/div>\n                    <\/div>\n\n                    \n                \n                                \n                    <div class=\"wps-col wps-widget--item wps-widget--item-188\">\n                        <div class=\"wpspeedo-team--single\">\n                            <div class=\"wps-team--single-inner\">\n                                \n                                <div class=\"team-member--thumbnail-wrapper wps-team--member-element\"><div class=\"team-member--thumbnail\"><a href=\"https:\/\/fogeka-rdc.org\/index.php\/wps-members\/jarle-antonsen\/\" class=\"wpspeedo-team--url\" aria-label=\"Read More about Badin  WETU.\"><img loading=\"lazy\" decoding=\"async\" width=\"719\" height=\"895\" src=\"https:\/\/fogeka-rdc.org\/wp-content\/uploads\/2025\/09\/WhatsApp-Image-2025-09-13-at-14.42.26.jpeg\" class=\"attachment- size- wp-post-image\" alt=\"\" srcset=\"https:\/\/fogeka-rdc.org\/wp-content\/uploads\/2025\/09\/WhatsApp-Image-2025-09-13-at-14.42.26.jpeg 719w, https:\/\/fogeka-rdc.org\/wp-content\/uploads\/2025\/09\/WhatsApp-Image-2025-09-13-at-14.42.26-241x300.jpeg 241w\" sizes=\"auto, (max-width: 719px) 100vw, 719px\" \/><\/a><\/div><\/div><h3 class=\"wps-team--member-title wps-team--member-element team-member--link\"><a href=\"https:\/\/fogeka-rdc.org\/index.php\/wps-members\/jarle-antonsen\/\" class=\"wpspeedo-team--url\">Badin  WETU<\/a><\/h3><h4 class=\"wps-team--member-desig wps-team--member-element\">Coordonnateur g\u00e9n\u00e9ral<\/h4><div class=\"wps-team--divider-wrapper wps-team--member-element\"><div class=\"wps-team--divider\"><\/div><\/div><div class=\"wps-team--member-details wps-team--member-details-excerpt wps-team--member-element\"><\/div><div class=\"wps-team--member-s-links wps-team--member-element\">\n\t\t\t<ul class=\"wps--social-links wps-si--shape-circle wps-si--b-bg-color wps-si--b-bg-color--hover wps-si--b-br-color wps-si--b-br-color--hover\">\n\t\t\t\t<li class=\"wps-si--facebook-f\">\n\t\t\t\t\t<a href=\"https:\/\/www.facebook.com\/share\/1BMhXFA4Fa\/?mibextid=wwXIfr\" aria-label=\"Social Link\" rel=\"nofollow noopener noreferrer\" target=\"_blank\"><i class=\"fab fa-facebook-f\"><\/i><\/a>\n\t\t\t\t<\/li><li class=\"wps-si--x-twitter-square\">\n\t\t\t\t\t<a href=\"https:\/\/x.com\/0852294178w\/status\/1948523724874924406?s=46\" aria-label=\"Social Link\" rel=\"nofollow noopener noreferrer\" target=\"_blank\"><i class=\"fab fa-x-twitter-square\"><\/i><\/a>\n\t\t\t\t<\/li>\t\t\t<\/ul>\n\n\t\t<\/div>\n                            <\/div>\n                        <\/div>\n                    <\/div>\n\n                    \n                \n                                \n                    <div class=\"wps-col wps-widget--item wps-widget--item-187\">\n                        <div class=\"wpspeedo-team--single\">\n                            <div class=\"wps-team--single-inner\">\n                                \n                                <div class=\"team-member--thumbnail-wrapper wps-team--member-element\"><div class=\"team-member--thumbnail\"><a href=\"https:\/\/fogeka-rdc.org\/index.php\/wps-members\/samuel-crawford\/\" class=\"wpspeedo-team--url\" aria-label=\"Read More about G\u00e9nie  KANDE MUKENDI.\"><img loading=\"lazy\" decoding=\"async\" width=\"1280\" height=\"960\" src=\"https:\/\/fogeka-rdc.org\/wp-content\/uploads\/2025\/09\/WhatsApp-Image-2025-09-13-at-10.14.15.jpeg\" class=\"attachment- size- wp-post-image\" alt=\"\" srcset=\"https:\/\/fogeka-rdc.org\/wp-content\/uploads\/2025\/09\/WhatsApp-Image-2025-09-13-at-10.14.15.jpeg 1280w, https:\/\/fogeka-rdc.org\/wp-content\/uploads\/2025\/09\/WhatsApp-Image-2025-09-13-at-10.14.15-300x225.jpeg 300w, https:\/\/fogeka-rdc.org\/wp-content\/uploads\/2025\/09\/WhatsApp-Image-2025-09-13-at-10.14.15-1024x768.jpeg 1024w, https:\/\/fogeka-rdc.org\/wp-content\/uploads\/2025\/09\/WhatsApp-Image-2025-09-13-at-10.14.15-768x576.jpeg 768w, https:\/\/fogeka-rdc.org\/wp-content\/uploads\/2025\/09\/WhatsApp-Image-2025-09-13-at-10.14.15-160x120.jpeg 160w\" sizes=\"auto, (max-width: 1280px) 100vw, 1280px\" \/><\/a><\/div><\/div><h3 class=\"wps-team--member-title wps-team--member-element team-member--link\"><a href=\"https:\/\/fogeka-rdc.org\/index.php\/wps-members\/samuel-crawford\/\" class=\"wpspeedo-team--url\">G\u00e9nie  KANDE MUKENDI<\/a><\/h3><h4 class=\"wps-team--member-desig wps-team--member-element\">Pr\u00e9sident Initiateur<\/h4><div class=\"wps-team--divider-wrapper wps-team--member-element\"><div class=\"wps-team--divider\"><\/div><\/div><div class=\"wps-team--member-details wps-team--member-details-excerpt wps-team--member-element\"><\/div><div class=\"wps-team--member-s-links wps-team--member-element\">\n\t\t\t<ul class=\"wps--social-links wps-si--shape-circle wps-si--b-bg-color wps-si--b-bg-color--hover wps-si--b-br-color wps-si--b-br-color--hover\">\n\t\t\t\t<li class=\"wps-si--facebook-f\">\n\t\t\t\t\t<a href=\"https:\/\/www.facebook.com\/share\/1D3DtqsdYU\/?mibextid=wwXIfr\" aria-label=\"Social Link\" rel=\"nofollow noopener noreferrer\" target=\"_blank\"><i class=\"fab fa-facebook-f\"><\/i><\/a>\n\t\t\t\t<\/li><li class=\"wps-si--x-twitter-square\">\n\t\t\t\t\t<a href=\"https:\/\/x.com\/1978therese\/status\/1958990652596744222?s=48\" aria-label=\"Social Link\" rel=\"nofollow noopener noreferrer\" target=\"_blank\"><i class=\"fab fa-x-twitter-square\"><\/i><\/a>\n\t\t\t\t<\/li>\t\t\t<\/ul>\n\n\t\t<\/div>\n                            <\/div>\n                        <\/div>\n                    <\/div>\n\n                    \n                        \n            <\/div>\n\n        \n                \n        <div class=\"wps-team--not-found-wrapper\">\n            <div class=\"wps-team--not-found\">No Results Found<\/div>\n        <\/div>\n\n        \n    <\/div>\n\n        \n<\/div>","protected":false},"excerpt":{"rendered":"<p>FOGEKA, un acteur engag\u00e9 depuis 10 ans pour un avenir durable. Au c\u0153ur de nos priorit\u00e9s : le reboisement d\u2019un&hellip;<\/p>\n","protected":false},"author":1,"featured_media":0,"parent":0,"menu_order":0,"comment_status":"closed","ping_status":"closed","template":"","meta":{"footnotes":""},"class_list":["post-32","page","type-page","status-publish","hentry"],"yoast_head":"<!-- This site is optimized with the Yoast SEO plugin v27.5 - https:\/\/yoast.com\/product\/yoast-seo-wordpress\/ -->\n<title>Qui sommes-nous - fogeka-rdc<\/title>\n<meta name=\"description\" content=\"FOGEKA, est un acteur engag\u00e9 depuis 10 ans pour un avenir durable. Au c\u0153ur de nos priorit\u00e9s : le reboisement d\u2019un milliard d\u2019arbres. Nos \u00e9quipes expertes m\u00e8nent des programmes ambitieux de plantation et de r\u00e9g\u00e9n\u00e9ration des for\u00eats, dans le but de lutter contre la d\u00e9forestation et le changement climatique.\" \/>\n<meta name=\"robots\" content=\"index, follow, max-snippet:-1, max-image-preview:large, max-video-preview:-1\" \/>\n<link rel=\"canonical\" href=\"https:\/\/fogeka-rdc.org\/index.php\/qui-sommes-nous\/\" \/>\n<meta property=\"og:locale\" content=\"fr_FR\" \/>\n<meta property=\"og:type\" content=\"article\" \/>\n<meta property=\"og:title\" content=\"Qui sommes-nous - fogeka-rdc\" \/>\n<meta property=\"og:description\" content=\"FOGEKA, est un acteur engag\u00e9 depuis 10 ans pour un avenir durable. Au c\u0153ur de nos priorit\u00e9s : le reboisement d\u2019un milliard d\u2019arbres. Nos \u00e9quipes expertes m\u00e8nent des programmes ambitieux de plantation et de r\u00e9g\u00e9n\u00e9ration des for\u00eats, dans le but de lutter contre la d\u00e9forestation et le changement climatique.\" \/>\n<meta property=\"og:url\" content=\"https:\/\/fogeka-rdc.org\/index.php\/qui-sommes-nous\/\" \/>\n<meta property=\"og:site_name\" content=\"fogeka-rdc\" \/>\n<meta property=\"article:modified_time\" content=\"2026-02-20T21:13:54+00:00\" \/>\n<meta property=\"og:image\" content=\"https:\/\/fogeka-rdc.org\/wp-content\/uploads\/2025\/09\/WhatsApp-Image-2025-09-12-at-22.48.17.jpeg\" \/>\n\t<meta property=\"og:image:width\" content=\"640\" \/>\n\t<meta property=\"og:image:height\" content=\"640\" \/>\n\t<meta property=\"og:image:type\" content=\"image\/jpeg\" \/>\n<meta name=\"twitter:card\" content=\"summary_large_image\" \/>\n<meta name=\"twitter:label1\" content=\"Dur\u00e9e de lecture estim\u00e9e\" \/>\n\t<meta name=\"twitter:data1\" content=\"1 minute\" \/>\n<script type=\"application\/ld+json\" class=\"yoast-schema-graph\">{\"@context\":\"https:\\\/\\\/schema.org\",\"@graph\":[{\"@type\":\"WebPage\",\"@id\":\"https:\\\/\\\/fogeka-rdc.org\\\/index.php\\\/qui-sommes-nous\\\/\",\"url\":\"https:\\\/\\\/fogeka-rdc.org\\\/index.php\\\/qui-sommes-nous\\\/\",\"name\":\"Qui sommes-nous - fogeka-rdc\",\"isPartOf\":{\"@id\":\"https:\\\/\\\/fogeka-rdc.org\\\/#website\"},\"primaryImageOfPage\":{\"@id\":\"https:\\\/\\\/fogeka-rdc.org\\\/index.php\\\/qui-sommes-nous\\\/#primaryimage\"},\"image\":{\"@id\":\"https:\\\/\\\/fogeka-rdc.org\\\/index.php\\\/qui-sommes-nous\\\/#primaryimage\"},\"thumbnailUrl\":\"https:\\\/\\\/fogeka-rdc.org\\\/wp-content\\\/uploads\\\/2025\\\/09\\\/WhatsApp-Image-2025-09-12-at-22.48.17.jpeg\",\"datePublished\":\"2025-09-13T14:57:40+00:00\",\"dateModified\":\"2026-02-20T21:13:54+00:00\",\"description\":\"FOGEKA, est un acteur engag\u00e9 depuis 10 ans pour un avenir durable. Au c\u0153ur de nos priorit\u00e9s : le reboisement d\u2019un milliard d\u2019arbres. Nos \u00e9quipes expertes m\u00e8nent des programmes ambitieux de plantation et de r\u00e9g\u00e9n\u00e9ration des for\u00eats, dans le but de lutter contre la d\u00e9forestation et le changement climatique.\",\"breadcrumb\":{\"@id\":\"https:\\\/\\\/fogeka-rdc.org\\\/index.php\\\/qui-sommes-nous\\\/#breadcrumb\"},\"inLanguage\":\"fr-FR\",\"potentialAction\":[{\"@type\":\"ReadAction\",\"target\":[\"https:\\\/\\\/fogeka-rdc.org\\\/index.php\\\/qui-sommes-nous\\\/\"]}]},{\"@type\":\"ImageObject\",\"inLanguage\":\"fr-FR\",\"@id\":\"https:\\\/\\\/fogeka-rdc.org\\\/index.php\\\/qui-sommes-nous\\\/#primaryimage\",\"url\":\"https:\\\/\\\/fogeka-rdc.org\\\/wp-content\\\/uploads\\\/2025\\\/09\\\/WhatsApp-Image-2025-09-12-at-22.48.17.jpeg\",\"contentUrl\":\"https:\\\/\\\/fogeka-rdc.org\\\/wp-content\\\/uploads\\\/2025\\\/09\\\/WhatsApp-Image-2025-09-12-at-22.48.17.jpeg\",\"width\":640,\"height\":640},{\"@type\":\"BreadcrumbList\",\"@id\":\"https:\\\/\\\/fogeka-rdc.org\\\/index.php\\\/qui-sommes-nous\\\/#breadcrumb\",\"itemListElement\":[{\"@type\":\"ListItem\",\"position\":1,\"name\":\"Accueil\",\"item\":\"https:\\\/\\\/fogeka-rdc.org\\\/\"},{\"@type\":\"ListItem\",\"position\":2,\"name\":\"Qui sommes-nous\"}]},{\"@type\":\"WebSite\",\"@id\":\"https:\\\/\\\/fogeka-rdc.org\\\/#website\",\"url\":\"https:\\\/\\\/fogeka-rdc.org\\\/\",\"name\":\"fogeka-rdc\",\"description\":\"Agro foresterie, dans la paix, pour le d\u00e9veloppement\",\"publisher\":{\"@id\":\"https:\\\/\\\/fogeka-rdc.org\\\/#organization\"},\"potentialAction\":[{\"@type\":\"SearchAction\",\"target\":{\"@type\":\"EntryPoint\",\"urlTemplate\":\"https:\\\/\\\/fogeka-rdc.org\\\/?s={search_term_string}\"},\"query-input\":{\"@type\":\"PropertyValueSpecification\",\"valueRequired\":true,\"valueName\":\"search_term_string\"}}],\"inLanguage\":\"fr-FR\"},{\"@type\":\"Organization\",\"@id\":\"https:\\\/\\\/fogeka-rdc.org\\\/#organization\",\"name\":\"fogeka-rdc\",\"url\":\"https:\\\/\\\/fogeka-rdc.org\\\/\",\"logo\":{\"@type\":\"ImageObject\",\"inLanguage\":\"fr-FR\",\"@id\":\"https:\\\/\\\/fogeka-rdc.org\\\/#\\\/schema\\\/logo\\\/image\\\/\",\"url\":\"https:\\\/\\\/fogeka-rdc.org\\\/wp-content\\\/uploads\\\/2025\\\/09\\\/cropped-cropped-WhatsApp-Image-2025-09-12-at-23.09.05.jpeg\",\"contentUrl\":\"https:\\\/\\\/fogeka-rdc.org\\\/wp-content\\\/uploads\\\/2025\\\/09\\\/cropped-cropped-WhatsApp-Image-2025-09-12-at-23.09.05.jpeg\",\"width\":250,\"height\":134,\"caption\":\"fogeka-rdc\"},\"image\":{\"@id\":\"https:\\\/\\\/fogeka-rdc.org\\\/#\\\/schema\\\/logo\\\/image\\\/\"}}]}<\/script>\n<!-- \/ Yoast SEO plugin. -->","yoast_head_json":{"title":"Qui sommes-nous - fogeka-rdc","description":"FOGEKA, est un acteur engag\u00e9 depuis 10 ans pour un avenir durable. Au c\u0153ur de nos priorit\u00e9s : le reboisement d\u2019un milliard d\u2019arbres. Nos \u00e9quipes expertes m\u00e8nent des programmes ambitieux de plantation et de r\u00e9g\u00e9n\u00e9ration des for\u00eats, dans le but de lutter contre la d\u00e9forestation et le changement climatique.","robots":{"index":"index","follow":"follow","max-snippet":"max-snippet:-1","max-image-preview":"max-image-preview:large","max-video-preview":"max-video-preview:-1"},"canonical":"https:\/\/fogeka-rdc.org\/index.php\/qui-sommes-nous\/","og_locale":"fr_FR","og_type":"article","og_title":"Qui sommes-nous - fogeka-rdc","og_description":"FOGEKA, est un acteur engag\u00e9 depuis 10 ans pour un avenir durable. Au c\u0153ur de nos priorit\u00e9s : le reboisement d\u2019un milliard d\u2019arbres. Nos \u00e9quipes expertes m\u00e8nent des programmes ambitieux de plantation et de r\u00e9g\u00e9n\u00e9ration des for\u00eats, dans le but de lutter contre la d\u00e9forestation et le changement climatique.","og_url":"https:\/\/fogeka-rdc.org\/index.php\/qui-sommes-nous\/","og_site_name":"fogeka-rdc","article_modified_time":"2026-02-20T21:13:54+00:00","og_image":[{"width":640,"height":640,"url":"https:\/\/fogeka-rdc.org\/wp-content\/uploads\/2025\/09\/WhatsApp-Image-2025-09-12-at-22.48.17.jpeg","type":"image\/jpeg"}],"twitter_card":"summary_large_image","twitter_misc":{"Dur\u00e9e de lecture estim\u00e9e":"1 minute"},"schema":{"@context":"https:\/\/schema.org","@graph":[{"@type":"WebPage","@id":"https:\/\/fogeka-rdc.org\/index.php\/qui-sommes-nous\/","url":"https:\/\/fogeka-rdc.org\/index.php\/qui-sommes-nous\/","name":"Qui sommes-nous - fogeka-rdc","isPartOf":{"@id":"https:\/\/fogeka-rdc.org\/#website"},"primaryImageOfPage":{"@id":"https:\/\/fogeka-rdc.org\/index.php\/qui-sommes-nous\/#primaryimage"},"image":{"@id":"https:\/\/fogeka-rdc.org\/index.php\/qui-sommes-nous\/#primaryimage"},"thumbnailUrl":"https:\/\/fogeka-rdc.org\/wp-content\/uploads\/2025\/09\/WhatsApp-Image-2025-09-12-at-22.48.17.jpeg","datePublished":"2025-09-13T14:57:40+00:00","dateModified":"2026-02-20T21:13:54+00:00","description":"FOGEKA, est un acteur engag\u00e9 depuis 10 ans pour un avenir durable. Au c\u0153ur de nos priorit\u00e9s : le reboisement d\u2019un milliard d\u2019arbres. Nos \u00e9quipes expertes m\u00e8nent des programmes ambitieux de plantation et de r\u00e9g\u00e9n\u00e9ration des for\u00eats, dans le but de lutter contre la d\u00e9forestation et le changement climatique.","breadcrumb":{"@id":"https:\/\/fogeka-rdc.org\/index.php\/qui-sommes-nous\/#breadcrumb"},"inLanguage":"fr-FR","potentialAction":[{"@type":"ReadAction","target":["https:\/\/fogeka-rdc.org\/index.php\/qui-sommes-nous\/"]}]},{"@type":"ImageObject","inLanguage":"fr-FR","@id":"https:\/\/fogeka-rdc.org\/index.php\/qui-sommes-nous\/#primaryimage","url":"https:\/\/fogeka-rdc.org\/wp-content\/uploads\/2025\/09\/WhatsApp-Image-2025-09-12-at-22.48.17.jpeg","contentUrl":"https:\/\/fogeka-rdc.org\/wp-content\/uploads\/2025\/09\/WhatsApp-Image-2025-09-12-at-22.48.17.jpeg","width":640,"height":640},{"@type":"BreadcrumbList","@id":"https:\/\/fogeka-rdc.org\/index.php\/qui-sommes-nous\/#breadcrumb","itemListElement":[{"@type":"ListItem","position":1,"name":"Accueil","item":"https:\/\/fogeka-rdc.org\/"},{"@type":"ListItem","position":2,"name":"Qui sommes-nous"}]},{"@type":"WebSite","@id":"https:\/\/fogeka-rdc.org\/#website","url":"https:\/\/fogeka-rdc.org\/","name":"fogeka-rdc","description":"Agro foresterie, dans la paix, pour le d\u00e9veloppement","publisher":{"@id":"https:\/\/fogeka-rdc.org\/#organization"},"potentialAction":[{"@type":"SearchAction","target":{"@type":"EntryPoint","urlTemplate":"https:\/\/fogeka-rdc.org\/?s={search_term_string}"},"query-input":{"@type":"PropertyValueSpecification","valueRequired":true,"valueName":"search_term_string"}}],"inLanguage":"fr-FR"},{"@type":"Organization","@id":"https:\/\/fogeka-rdc.org\/#organization","name":"fogeka-rdc","url":"https:\/\/fogeka-rdc.org\/","logo":{"@type":"ImageObject","inLanguage":"fr-FR","@id":"https:\/\/fogeka-rdc.org\/#\/schema\/logo\/image\/","url":"https:\/\/fogeka-rdc.org\/wp-content\/uploads\/2025\/09\/cropped-cropped-WhatsApp-Image-2025-09-12-at-23.09.05.jpeg","contentUrl":"https:\/\/fogeka-rdc.org\/wp-content\/uploads\/2025\/09\/cropped-cropped-WhatsApp-Image-2025-09-12-at-23.09.05.jpeg","width":250,"height":134,"caption":"fogeka-rdc"},"image":{"@id":"https:\/\/fogeka-rdc.org\/#\/schema\/logo\/image\/"}}]}},"_links":{"self":[{"href":"https:\/\/fogeka-rdc.org\/index.php\/wp-json\/wp\/v2\/pages\/32","targetHints":{"allow":["GET"]}}],"collection":[{"href":"https:\/\/fogeka-rdc.org\/index.php\/wp-json\/wp\/v2\/pages"}],"about":[{"href":"https:\/\/fogeka-rdc.org\/index.php\/wp-json\/wp\/v2\/types\/page"}],"author":[{"embeddable":true,"href":"https:\/\/fogeka-rdc.org\/index.php\/wp-json\/wp\/v2\/users\/1"}],"replies":[{"embeddable":true,"href":"https:\/\/fogeka-rdc.org\/index.php\/wp-json\/wp\/v2\/comments?post=32"}],"version-history":[{"count":3,"href":"https:\/\/fogeka-rdc.org\/index.php\/wp-json\/wp\/v2\/pages\/32\/revisions"}],"predecessor-version":[{"id":198,"href":"https:\/\/fogeka-rdc.org\/index.php\/wp-json\/wp\/v2\/pages\/32\/revisions\/198"}],"wp:attachment":[{"href":"https:\/\/fogeka-rdc.org\/index.php\/wp-json\/wp\/v2\/media?parent=32"}],"curies":[{"name":"wp","href":"https:\/\/api.w.org\/{rel}","templated":true}]}}